+ 2. What is the greatest common divisor of d and 40?
5
Let s be (-4 - -7)*(-4)/(-6). Let k = 54 + s. What is the highest common divisor of k and 8?
8
Suppose 0 = z - 5*y + 1 - 11, 94 = 5*z - 3*y. What is the highest common divisor of 50 and z?
10
Suppose 0 = 2*q + r - 27, 0 = 4*q + 4*r - r - 57. What is the highest common factor of 60 and q?
12
Let v = -37 - -64. Suppose -3*j + 90 = 2*j. What is the greatest common divisor of j and v?
9
Let d = 4 + -3. Suppose 8 = 5*o + 3*z, o + d = -3*o + 5*z. Calculate the highest common factor of o and 7.
1
Let y(c) = -3*c + 3. Let t be y(-3). Calculate the highest common divisor of t and 48.
12
Let h(s) = -s**2 + 4*s. Let t be h(3). Suppose -5*m = -92 - 73. What is the highest common divisor of m and t?
3
Let o(s) = s**3 + 3*s**2 - s - 7. Let m be o(-3). Let h(v) = -7*v - 1. Let i be h(m). What is the greatest common factor of 9 and i?
9
Let i(q) = 2*q**2 + 4*q + 4. Let h be i(-6). Suppose 63 = 2*j + 7. Let y = h - j. Calculate the greatest common divisor of 12 and y.
12
Let v(u) = 1 + 3*u + u**2 + 0*u + 4. Let m be v(-4). Let k(c) = 4*c - 8. Let t be k(m). What is the greatest common divisor of 70 and t?
14
Let n be 10/30 - 16/(-6). Suppose -n*v + 180 = -30. Let c(o) = 5*o + 3. Let d be c(5). What is the greatest common divisor of v and d?
14
Suppose -2*f - 3*f + 405 = 0. Let t = f - 51. Let l = -60 - -70. Calculate the highest common factor of t and l.
10
Let w = 37 + -30. What is the highest common divisor of w and 63?
7
Let d = 3 + -2. Suppose -91 = -13*s + 52. Calculate the highest common divisor of s and d.
1
Let t(k) = k**2 + k - 1. Let u(i) = 8*i**3 + 4*i**2 + 3*i - 4. Let b(q) = 5*t(q) - u(q). Let n be b(-2). What is the highest common factor of 7 and n?
7
Let z = -11 - -7. Let m be (-38)/8 + z/16. Let y = m - -25. What is the highest common divisor of 50 and y?
10
Let z be 4*2/4*3. Let o be 74/z - 18/(-27). What is the greatest common divisor of o and 117?
13
Let f be ((-5)/(-2))/(1/8). Suppose 3*m + 2*m - 4*o = 5, -3*m + 5*o - 10 = 0. Calculate the greatest common divisor of f and m.
5
Let n = -12 + 39. What is the highest common divisor of n and 108?
27
Let g(x) = -x**2 + 8*x + 30. Let p be g(9). Calculate the greatest common divisor of 14 and p.
7
Let s = 34 + -23. Let b = s - 9. Suppose -4*j + 16 = b*d, 7*d + 20 = 5*j + 4*d. What is the highest common divisor of 44 and j?
4
Suppose 10 = -z - 3*v, -z - 5 - 9 = 4*v. Suppose n + 3*l + 105 = 4*n, -4*n = z*l - 110. What is the highest common divisor of 75 and n?
15
Let a(z) be the first derivative of z**4/4 - 2*z**3/3 + z - 4. Let w be a(3). Calculate the greatest common divisor of w and 40.
10
Suppose -107 = 3*y + 229. Let j = y - -168. What is the highest common divisor of 8 and j?
8
Suppose -2*q + 78 = -2*u, -4 = -q - 4*u + 15. What is the greatest common divisor of q and 175?
35
Let p(k) = k**2 - 12*k + 17. Let i be p(12). Calculate the highest common divisor of i and 153.
17
Suppose 5*w + 10 = 5*z, 4*z - 20 = -w - 2. Suppose z*m + 30 = 9*m. Suppose 0 = -m*k + 3*k + 72. What is the greatest common divisor of k and 12?
12
Let n(l) = -l**3 + l**2 + 3*l + 2. Suppose -4*a + 0*a = 16. Let k be n(a). What is the greatest common factor of k and 14?
14
Suppose 2*a = -3*a + 15. Suppose 5*j - 3 = 2*j, 3*u - 3*j = 6. Suppose -u*b + 45 = 4*f, 44 = 4*f + 4*b - 0*b. What is the greatest common factor of a and f?
3
Suppose 8*l - 523 = -43. What is the greatest common factor of 24 and l?
12
Let f be 1 + -9 + (1 - 1). Let c be (18/f)/((-2)/(-16)). Let d = c - -25. Calculate the greatest common divisor of d and 7.
7
Suppose 5*q - 73 = -8. Suppose -9*m = -11*m + 908. Let c = -311 + m. What is the greatest common factor of q and c?
13
Let s = -73 - -125. What is the greatest common factor of 13 and s?
13
Suppose 301 = 7*g + 112. Calculate the highest common factor of 3 and g.
3
Suppose l + i = 0, 4*i = 2*l + l - 7. Let k be (0/(-1) - l) + 2. Let z be (-5 + k)*5/(-5). What is the greatest common factor of z and 28?
4
Let j(g) = -g**2 - 9*g - 6. Let p be j(-8). Let u be ((-4)/5)/((-1)/(-15)). Let r be (-7)/(-2)*u/(-21). Calculate the greatest common divisor of r and p.
2
Let f = 17 - 12. Calculate the highest common divisor of f and 20.
5
Suppose 5*q + 10 = -0*q, -16 = g + 5*q. Let a be 35/2 - (-3)/g. Let c = a + -6. Calculate the highest common factor of 121 and c.
11
Let m = 16 + -9. Suppose 3 = -2*y + 9, 0 = 4*b + 2*y + 10. Let v = m - b. Calculate the highest common divisor of v and 99.
11
Suppose 2 = -3*s + 14. Suppose 150 = s*j + j. Calculate the greatest common divisor of j and 6.
6
Let z = 349 - 205. Suppose 0 = -9*n + 4*n + 25. Let o(y) = y**2 - 3*y + 6. Let c be o(n). Calculate the greatest common divisor of z and c.
16
Let p be -62*(0 + 6/(-3)). Suppose x = -x + p. Suppose 18 - 63 = -3*c + 3*v, -x = -4*c + 5*v. What is the greatest common divisor of 104 and c?
13
Let t be (2/(-3))/(12/450). Let z be ((-118)/(-6))/(1/(-18)). Let h be (-10)/t + z/(-15). Calculate the greatest common divisor of h and 12.
12
Suppose -2*d = -12 - 4. What is the highest common divisor of 64 and d?
8
Let l(k) = -2*k + 9 + k + 4*k - k**2. Let c be l(-6). Let p be 0 + 3/(-3)*c. Calculate the highest common divisor of 9 and p.
9
Let x(j) = -j**2 + 4*j + 1. Let f be x(2). Let r(y) = -y**3 + 5*y**2 - 4*y - 2. Let k be r(f). Let l = k - -32. What is the highest common factor of l and 10?
10
Let p(q) = -q + 1. Let x be p(-6). Suppose -2*d = -5*d. Suppose -231 = -3*k - d. Calculate the highest common divisor of x and k.
7
Let w be -2*-1*(-4)/(-8). Suppose -5*c + 15 = -10. What is the highest common factor of c and w?
1
Let n = -93 - -324. What is the greatest common factor of 21 and n?
21
Suppose -4*c = -4 - 8. Suppose -2*l - 358 = -8*d + 3*d, c*d + 3*l = 219. Let z = 5 - -13. Calculate the greatest common divisor of z and d.
18
Let r be 2/((-3 - -1) + 0). Let b(q) = 76*q**2. Let l be b(r). Let a = -34 + l. What is the greatest common divisor of 105 and a?
21
Let z = -234 - -370. Calculate the greatest common factor of 34 and z.
34
Suppose -10*b + 147 = 47. Let u = 1 + 9. Calculate the greatest common factor of b and u.
10
Let i(j) = -j**3 - 7*j**2 + 6*j - 10. Let b be i(-8). What is the highest common divisor of b and 30?
6
Suppose 2*k = -3*k + 60. Calculate the greatest common factor of k and 4.
4
Let p(u) = 4 - 1 + 4 - 8*u + u**2. Let f be p(8). What is the greatest common divisor of f and 77?
7
Suppose 15*o - 96 = 11*o. Calculate the greatest common divisor of 8 and o.
8
Let j be 20 - (3 + 1 + -8). What is the highest common factor of j and 36?
12
Let j(v) = 13*v - 22. Let u be j(7). What is the greatest common divisor of 23 and u?
23
Suppose 1 + 5 = -4*h - 2*f, -5*h + 15 = -5*f. Let s(j) = 0*j - 3*j + 6 + h*j + 0*j. Let y be s(-5). Calculate the highest common factor of y and 147.
21
Let a = -7 - -11. Suppose a*l = l + 180. What is the greatest common factor of 15 and l?
15
Suppose -6*m + 5*m + 75 = 0. Let j = m + -31. Let q(s) = -16*s + 2. Let z be q(-4). Calculate the highest common factor of j and z.
22
Suppose 10*c - 5*c - 15 = 0. Let o be (22*(-5 + c))/(-1). What is the greatest common divisor of o and 4?
4
Let s = 13 + -11. Let t be 8*(-1 - 6/(-4)). Suppose q - 2*q = t*l - 6, -q + 4*l = 2. What is the highest common factor of q and s?
2
Suppose 0*v = 3*v - 5*w - 41, 0 = v + 5*w - 7. What is the highest common divisor of 96 and v?
12
Suppose 0 = 3*y - 2*y - 36. Suppose 2*f + y = 3*f. Let l(b) = -8*b. Let v be l(-3). What is the greatest common divisor of f and v?
12
Suppose 18 = 5*x - 4*v, -x + 6*x - 2*v - 24 = 0. Suppose -4*h + 70 = -26. Calculate the highest common factor of x and h.
6
Let z(n) = 2*n**3 - 9*n**2 + n - 1. Let x be z(5). Calculate the greatest common factor of 58 and x.
29
Let n be (-1)/2*(0 - 6). Let u = -13 + 1. Let q = -9 - u. Calculate the highest common factor of n and q.
3
Suppose -3*i = -2*k - 1, -6 = -2*i - 6*k + 2*k. Calculate the greatest common factor of i and 5.
1
Let c be (8/(-12))/(2/(-135)). What is the highest common divisor of 90 and c?
45
Let f(s) be the first derivative of s**4/4 + 2*s**3 - 5*s**2/2 + 5*s + 7. Let i be f(-6). What is the highest common divisor of 105 and i?
35
Suppose -10 = -3*k + 2. Suppose -o + 10 = -5*u, -k*o - 2*u